{"id":4,"date":"2013-10-31T10:02:30","date_gmt":"2013-10-31T08:02:30","guid":{"rendered":"http:\/\/claireloupiac.com\/?page_id=4"},"modified":"2014-06-13T16:40:44","modified_gmt":"2014-06-13T14:40:44","slug":"portfolio","status":"publish","type":"page","link":"https:\/\/claireloupiac.com\/?page_id=4","title":{"rendered":"Portfolio"},"content":{"rendered":"<p><a title=\"Grand ver tirage num\u00e9rique sur adh\u00e9sif transparent Crayon et acrylique sur toile 140 x 200\" href=\"http:\/\/claireloupiac.com\/wp-content\/uploads\/2013\/11\/Alpha1.jpg\"><img loading=\"lazy\" decoding=\"async\" class=\"alignnone size-medium wp-image-161\" alt=\"Alpha1\" src=\"http:\/\/claireloupiac.com\/wp-content\/uploads\/2013\/11\/Alpha1-300x227.jpg\" width=\"300\" height=\"227\" srcset=\"https:\/\/claireloupiac.com\/wp-content\/uploads\/2013\/11\/Alpha1-300x227.jpg 300w, https:\/\/claireloupiac.com\/wp-content\/uploads\/2013\/11\/Alpha1-150x113.jpg 150w, https:\/\/claireloupiac.com\/wp-content\/uploads\/2013\/11\/Alpha1-1024x775.jpg 1024w, https:\/\/claireloupiac.com\/wp-content\/uploads\/2013\/11\/Alpha1.jpg 1524w\" sizes=\"auto, (max-width: 300px) 100vw, 300px\" \/><\/a> <a title=\"BioTypo,  Tirage num\u00e9rique sur papier, 120 x 90 cm\" href=\"http:\/\/claireloupiac.com\/wp-content\/uploads\/2013\/12\/Grand-vers.jpeg\"><img loading=\"lazy\" decoding=\"async\" class=\"alignnone size-medium wp-image-168\" alt=\"Grand vers\" src=\"http:\/\/claireloupiac.com\/wp-content\/uploads\/2013\/12\/Grand-vers-212x300.jpeg\" width=\"212\" height=\"300\" srcset=\"https:\/\/claireloupiac.com\/wp-content\/uploads\/2013\/12\/Grand-vers-212x300.jpeg 212w, https:\/\/claireloupiac.com\/wp-content\/uploads\/2013\/12\/Grand-vers-106x150.jpeg 106w, https:\/\/claireloupiac.com\/wp-content\/uploads\/2013\/12\/Grand-vers.jpeg 453w\" sizes=\"auto, (max-width: 212px) 100vw, 212px\" \/><\/a>\u00a0<a title=\"Vers sur ver, tirage num\u00e9rique sur film transparent encre sur papier, 216 x 120 cm\" href=\"http:\/\/claireloupiac.com\/wp-content\/uploads\/2013\/12\/vers-sur-vers.jpeg\"><img loading=\"lazy\" decoding=\"async\" class=\"alignnone size-medium wp-image-186\" alt=\"vers sur vers\" src=\"http:\/\/claireloupiac.com\/wp-content\/uploads\/2013\/12\/vers-sur-vers.jpeg\" width=\"566\" height=\"311\" srcset=\"https:\/\/claireloupiac.com\/wp-content\/uploads\/2013\/12\/vers-sur-vers.jpeg 566w, https:\/\/claireloupiac.com\/wp-content\/uploads\/2013\/12\/vers-sur-vers-150x82.jpeg 150w, https:\/\/claireloupiac.com\/wp-content\/uploads\/2013\/12\/vers-sur-vers-300x164.jpeg 300w\" sizes=\"auto, (max-width: 566px) 100vw, 566px\" \/><\/a>\u00a0<a title=\"Hauts les coeurs !,  Aquarelle sur papier et impression num\u00e9rique sur adh\u00e9sif, 6 formats de 50 x 65 cm\" href=\"http:\/\/claireloupiac.com\/wp-content\/uploads\/2013\/12\/Coeur1.jpeg\"><img loading=\"lazy\" decoding=\"async\" class=\"alignnone size-medium wp-image-180\" alt=\"Coeur1\" src=\"http:\/\/claireloupiac.com\/wp-content\/uploads\/2013\/12\/Coeur1-300x230.jpeg\" width=\"300\" height=\"230\" srcset=\"https:\/\/claireloupiac.com\/wp-content\/uploads\/2013\/12\/Coeur1-300x230.jpeg 300w, https:\/\/claireloupiac.com\/wp-content\/uploads\/2013\/12\/Coeur1-150x115.jpeg 150w, https:\/\/claireloupiac.com\/wp-content\/uploads\/2013\/12\/Coeur1.jpeg 609w\" sizes=\"auto, (max-width: 300px) 100vw, 300px\" \/><\/a>\u00a0\u00a0 <a title=\"Demoiselle Photographie sur adh\u00e9sif transparent, papier, m\u00e9tal 65 x 55 cm.\" href=\"http:\/\/claireloupiac.com\/wp-content\/uploads\/2013\/11\/Demoiselle1.jpeg\"><img loading=\"lazy\" decoding=\"async\" class=\"alignnone size-medium wp-image-193\" alt=\"Demoiselle\" src=\"http:\/\/claireloupiac.com\/wp-content\/uploads\/2013\/11\/Demoiselle1-225x300.jpeg\" width=\"225\" height=\"300\" srcset=\"https:\/\/claireloupiac.com\/wp-content\/uploads\/2013\/11\/Demoiselle1-225x300.jpeg 225w, https:\/\/claireloupiac.com\/wp-content\/uploads\/2013\/11\/Demoiselle1-112x150.jpeg 112w, https:\/\/claireloupiac.com\/wp-content\/uploads\/2013\/11\/Demoiselle1.jpeg 480w\" sizes=\"auto, (max-width: 225px) 100vw, 225px\" \/><\/a>\u00a0<a title=\"Colonne d'ascension, Tirage num\u00e9rique sur adh\u00e9sif - papier - pvc, 80 cm x 3m50\t\" href=\"http:\/\/claireloupiac.com\/wp-content\/uploads\/2014\/02\/image17.jpg\"><img loading=\"lazy\" decoding=\"async\" class=\"alignnone size-medium wp-image-335\" alt=\"image1\" src=\"http:\/\/claireloupiac.com\/wp-content\/uploads\/2014\/02\/image17-146x300.jpg\" width=\"146\" height=\"300\" srcset=\"https:\/\/claireloupiac.com\/wp-content\/uploads\/2014\/02\/image17-146x300.jpg 146w, https:\/\/claireloupiac.com\/wp-content\/uploads\/2014\/02\/image17-73x150.jpg 73w, https:\/\/claireloupiac.com\/wp-content\/uploads\/2014\/02\/image17.jpg 312w\" sizes=\"auto, (max-width: 146px) 100vw, 146px\" \/><\/a> <a title=\"Le souffle des demoiselles, d\u00e9tail Tirages num\u00e9rique sur adh\u00e9sif, carton \u00a0 130 x 200 cm\" href=\"http:\/\/claireloupiac.com\/wp-content\/uploads\/2013\/12\/final-bousier.jpeg\"><img loading=\"lazy\" decoding=\"async\" class=\"alignnone size-medium wp-image-203\" alt=\"final bousier\" src=\"http:\/\/claireloupiac.com\/wp-content\/uploads\/2013\/12\/final-bousier-300x234.jpeg\" width=\"300\" height=\"234\" srcset=\"https:\/\/claireloupiac.com\/wp-content\/uploads\/2013\/12\/final-bousier-300x234.jpeg 300w, https:\/\/claireloupiac.com\/wp-content\/uploads\/2013\/12\/final-bousier-150x117.jpeg 150w, https:\/\/claireloupiac.com\/wp-content\/uploads\/2013\/12\/final-bousier.jpeg 615w\" sizes=\"auto, (max-width: 300px) 100vw, 300px\" \/><\/a> <a title=\"L\u00e9pidopt\u00e8re,\u00a0 Tirages num\u00e9rique sur adh\u00e9sif, papier, carton 70 x 70 cm\" href=\"http:\/\/claireloupiac.com\/wp-content\/uploads\/2013\/12\/papillon-noir.jpeg\"><img loading=\"lazy\" decoding=\"async\" class=\"alignnone size-medium wp-image-211\" alt=\"papillon noir\" src=\"http:\/\/claireloupiac.com\/wp-content\/uploads\/2013\/12\/papillon-noir-247x300.jpeg\" width=\"247\" height=\"300\" srcset=\"https:\/\/claireloupiac.com\/wp-content\/uploads\/2013\/12\/papillon-noir-247x300.jpeg 247w, https:\/\/claireloupiac.com\/wp-content\/uploads\/2013\/12\/papillon-noir-123x150.jpeg 123w, https:\/\/claireloupiac.com\/wp-content\/uploads\/2013\/12\/papillon-noir.jpeg 480w\" sizes=\"auto, (max-width: 247px) 100vw, 247px\" \/><\/a><a href=\"http:\/\/claireloupiac.com\/wp-content\/uploads\/2013\/12\/eliott.jpeg\"><img loading=\"lazy\" decoding=\"async\" class=\"alignnone size-medium wp-image-128\" alt=\"eliott\" src=\"http:\/\/claireloupiac.com\/wp-content\/uploads\/2013\/12\/eliott-300x200.jpeg\" width=\"300\" height=\"200\" srcset=\"https:\/\/claireloupiac.com\/wp-content\/uploads\/2013\/12\/eliott-300x200.jpeg 300w, https:\/\/claireloupiac.com\/wp-content\/uploads\/2013\/12\/eliott-150x100.jpeg 150w, https:\/\/claireloupiac.com\/wp-content\/uploads\/2013\/12\/eliott.jpeg 640w\" sizes=\"auto, (max-width: 300px) 100vw, 300px\" \/><\/a> <a href=\"http:\/\/claireloupiac.com\/wp-content\/uploads\/2013\/12\/Correspondances.jpeg\"><img loading=\"lazy\" decoding=\"async\" class=\"alignnone size-medium wp-image-124\" alt=\"Correspondances\" src=\"http:\/\/claireloupiac.com\/wp-content\/uploads\/2013\/12\/Correspondances-300x237.jpeg\" width=\"300\" height=\"237\" srcset=\"https:\/\/claireloupiac.com\/wp-content\/uploads\/2013\/12\/Correspondances-300x237.jpeg 300w, https:\/\/claireloupiac.com\/wp-content\/uploads\/2013\/12\/Correspondances-150x118.jpeg 150w, https:\/\/claireloupiac.com\/wp-content\/uploads\/2013\/12\/Correspondances.jpeg 606w\" sizes=\"auto, (max-width: 300px) 100vw, 300px\" \/><\/a><\/p>\n","protected":false},"excerpt":{"rendered":"<p>\u00a0\u00a0\u00a0\u00a0 \u00a0<\/p>\n","protected":false},"author":1,"featured_media":0,"parent":0,"menu_order":1,"comment_status":"open","ping_status":"closed","template":"portfolio.php","meta":{"footnotes":""},"class_list":["post-4","page","type-page","status-publish","hentry"],"_links":{"self":[{"href":"https:\/\/claireloupiac.com\/index.php?rest_route=\/wp\/v2\/pages\/4","targetHints":{"allow":["GET"]}}],"collection":[{"href":"https:\/\/claireloupiac.com\/index.php?rest_route=\/wp\/v2\/pages"}],"about":[{"href":"https:\/\/claireloupiac.com\/index.php?rest_route=\/wp\/v2\/types\/page"}],"author":[{"embeddable":true,"href":"https:\/\/claireloupiac.com\/index.php?rest_route=\/wp\/v2\/users\/1"}],"replies":[{"embeddable":true,"href":"https:\/\/claireloupiac.com\/index.php?rest_route=%2Fwp%2Fv2%2Fcomments&post=4"}],"version-history":[{"count":29,"href":"https:\/\/claireloupiac.com\/index.php?rest_route=\/wp\/v2\/pages\/4\/revisions"}],"predecessor-version":[{"id":536,"href":"https:\/\/claireloupiac.com\/index.php?rest_route=\/wp\/v2\/pages\/4\/revisions\/536"}],"wp:attachment":[{"href":"https:\/\/claireloupiac.com\/index.php?rest_route=%2Fwp%2Fv2%2Fmedia&parent=4"}],"curies":[{"name":"wp","href":"https:\/\/api.w.org\/{rel}","templated":true}]}}