{"id":210,"date":"2013-12-20T00:32:16","date_gmt":"2013-12-19T22:32:16","guid":{"rendered":"http:\/\/claireloupiac.com\/?page_id=210"},"modified":"2014-05-11T23:27:42","modified_gmt":"2014-05-11T21:27:42","slug":"papillon","status":"publish","type":"page","link":"https:\/\/claireloupiac.com\/?page_id=210","title":{"rendered":"L\u00e9pidopt\u00e8re"},"content":{"rendered":"<p><a title=\"L\u00e9pidopt\u00e8re, tirages num\u00e9rique sur adh\u00e9sif - papier - carton, 70 x 70 cm\" href=\"http:\/\/claireloupiac.com\/wp-content\/uploads\/2013\/12\/papillon-noir.jpeg\"><img loading=\"lazy\" decoding=\"async\" class=\"alignnone size-medium wp-image-211\" alt=\"papillon noir\" src=\"http:\/\/claireloupiac.com\/wp-content\/uploads\/2013\/12\/papillon-noir-247x300.jpeg\" width=\"247\" height=\"300\" srcset=\"https:\/\/claireloupiac.com\/wp-content\/uploads\/2013\/12\/papillon-noir-247x300.jpeg 247w, https:\/\/claireloupiac.com\/wp-content\/uploads\/2013\/12\/papillon-noir-123x150.jpeg 123w, https:\/\/claireloupiac.com\/wp-content\/uploads\/2013\/12\/papillon-noir.jpeg 480w\" sizes=\"auto, (max-width: 247px) 100vw, 247px\" \/><\/a><\/p>\n","protected":false},"excerpt":{"rendered":"","protected":false},"author":1,"featured_media":0,"parent":44,"menu_order":1,"comment_status":"open","ping_status":"closed","template":"portfolio.php","meta":{"footnotes":""},"class_list":["post-210","page","type-page","status-publish","hentry"],"_links":{"self":[{"href":"https:\/\/claireloupiac.com\/index.php?rest_route=\/wp\/v2\/pages\/210","targetHints":{"allow":["GET"]}}],"collection":[{"href":"https:\/\/claireloupiac.com\/index.php?rest_route=\/wp\/v2\/pages"}],"about":[{"href":"https:\/\/claireloupiac.com\/index.php?rest_route=\/wp\/v2\/types\/page"}],"author":[{"embeddable":true,"href":"https:\/\/claireloupiac.com\/index.php?rest_route=\/wp\/v2\/users\/1"}],"replies":[{"embeddable":true,"href":"https:\/\/claireloupiac.com\/index.php?rest_route=%2Fwp%2Fv2%2Fcomments&post=210"}],"version-history":[{"count":3,"href":"https:\/\/claireloupiac.com\/index.php?rest_route=\/wp\/v2\/pages\/210\/revisions"}],"predecessor-version":[{"id":560,"href":"https:\/\/claireloupiac.com\/index.php?rest_route=\/wp\/v2\/pages\/210\/revisions\/560"}],"up":[{"embeddable":true,"href":"https:\/\/claireloupiac.com\/index.php?rest_route=\/wp\/v2\/pages\/44"}],"wp:attachment":[{"href":"https:\/\/claireloupiac.com\/index.php?rest_route=%2Fwp%2Fv2%2Fmedia&parent=210"}],"curies":[{"name":"wp","href":"https:\/\/api.w.org\/{rel}","templated":true}]}}