{"id":138,"date":"2013-12-11T12:52:11","date_gmt":"2013-12-11T12:52:11","guid":{"rendered":"http:\/\/claireloupiac.com\/?page_id=138"},"modified":"2014-06-13T16:40:44","modified_gmt":"2014-06-13T14:40:44","slug":"presse","status":"publish","type":"page","link":"https:\/\/claireloupiac.com\/?page_id=138","title":{"rendered":"Presse"},"content":{"rendered":"<p><a href=\"http:\/\/claireloupiac.com\/wp-content\/uploads\/2013\/12\/gaztte-.jpg\" target=\"_blank\"><img loading=\"lazy\" decoding=\"async\" class=\"alignnone size-thumbnail wp-image-474\" alt=\"gaztte\" src=\"http:\/\/claireloupiac.com\/wp-content\/uploads\/2013\/12\/gaztte--65x150.jpg\" width=\"65\" height=\"150\" data-id=\"474\" srcset=\"https:\/\/claireloupiac.com\/wp-content\/uploads\/2013\/12\/gaztte--65x150.jpg 65w, https:\/\/claireloupiac.com\/wp-content\/uploads\/2013\/12\/gaztte--130x300.jpg 130w, https:\/\/claireloupiac.com\/wp-content\/uploads\/2013\/12\/gaztte-.jpg 431w\" sizes=\"auto, (max-width: 65px) 100vw, 65px\" \/><\/a><strong>La Gazette<\/strong>, 2008, <em>Le souffle des demoiselles<\/em><\/p>\n<p>&nbsp;<\/p>\n<p><a href=\"http:\/\/claireloupiac.com\/wp-content\/uploads\/2014\/04\/midi-libre-1.jpg\" target=\"_blank\"><img loading=\"lazy\" decoding=\"async\" alt=\"midi libre 1\" src=\"http:\/\/claireloupiac.com\/wp-content\/uploads\/2014\/04\/midi-libre-1-147x150.jpg\" width=\"147\" height=\"150\" data-id=\"453\" \/><\/a><strong>Midi Libre<\/strong>, 2008, <em>Le salon de musique inspire Claire Loupiac<\/em><\/p>\n<p>&nbsp;<\/p>\n<p><a href=\"http:\/\/claireloupiac.com\/wp-content\/uploads\/2013\/12\/Anous-paris2001.jpg\" target=\"_blank\"><img loading=\"lazy\" decoding=\"async\" class=\"alignnone size-thumbnail wp-image-470\" alt=\"Anous paris2001\" src=\"http:\/\/claireloupiac.com\/wp-content\/uploads\/2013\/12\/Anous-paris2001-127x150.jpg\" width=\"127\" height=\"150\" data-id=\"470\" srcset=\"https:\/\/claireloupiac.com\/wp-content\/uploads\/2013\/12\/Anous-paris2001-127x150.jpg 127w, https:\/\/claireloupiac.com\/wp-content\/uploads\/2013\/12\/Anous-paris2001-254x300.jpg 254w, https:\/\/claireloupiac.com\/wp-content\/uploads\/2013\/12\/Anous-paris2001-868x1024.jpg 868w, https:\/\/claireloupiac.com\/wp-content\/uploads\/2013\/12\/Anous-paris2001.jpg 1040w\" sizes=\"auto, (max-width: 127px) 100vw, 127px\" \/><\/a><strong>A nous Paris<\/strong>, 2002, <em>Un t\u00eate \u00e0 t\u00eate unique avec l&rsquo;art<\/em><\/p>\n<p>&nbsp;<\/p>\n<p><a href=\"http:\/\/claireloupiac.com\/wp-content\/uploads\/2013\/12\/bunkier-stuki.jpg\" target=\"_blank\"><img loading=\"lazy\" decoding=\"async\" alt=\"bunkier stuki\" src=\"http:\/\/claireloupiac.com\/wp-content\/uploads\/2013\/12\/bunkier-stuki-150x123.jpg\" width=\"150\" height=\"123\" data-id=\"476\" \/><\/a><strong>La tribune de Sil\u00e9sie<\/strong>, 2000, <em>Zblitzenia\/ Approches<\/em><\/p>\n<p>&nbsp;<\/p>\n<p><a href=\"http:\/\/claireloupiac.com\/wp-content\/uploads\/2013\/12\/la-montagne1999.jpg\" target=\"_blank\"><img loading=\"lazy\" decoding=\"async\" class=\"size-thumbnail wp-image-468 alignleft\" alt=\"la montagne1999\" src=\"http:\/\/claireloupiac.com\/wp-content\/uploads\/2013\/12\/la-montagne1999-150x103.jpg\" width=\"150\" height=\"103\" data-id=\"468\" srcset=\"https:\/\/claireloupiac.com\/wp-content\/uploads\/2013\/12\/la-montagne1999-150x103.jpg 150w, https:\/\/claireloupiac.com\/wp-content\/uploads\/2013\/12\/la-montagne1999-300x207.jpg 300w, https:\/\/claireloupiac.com\/wp-content\/uploads\/2013\/12\/la-montagne1999-1024x707.jpg 1024w, https:\/\/claireloupiac.com\/wp-content\/uploads\/2013\/12\/la-montagne1999.jpg 1412w\" sizes=\"auto, (max-width: 150px) 100vw, 150px\" \/><\/a><strong>La montagne<\/strong>, 1999,<em> Les jouets de Claire Loupiac<\/em><\/p>\n<p>&nbsp;<\/p>\n<p><a href=\"http:\/\/claireloupiac.com\/wp-content\/uploads\/2013\/12\/la-d\u00e9peche.jpg\" target=\"_blank\"><img loading=\"lazy\" decoding=\"async\" class=\"size-thumbnail wp-image-374 alignleft\" alt=\"la d\u00e9peche\" src=\"http:\/\/claireloupiac.com\/wp-content\/uploads\/2013\/12\/la-d\u00e9peche-96x150.jpg\" width=\"96\" height=\"150\" data-id=\"374\" srcset=\"https:\/\/claireloupiac.com\/wp-content\/uploads\/2013\/12\/la-d\u00e9peche-96x150.jpg 96w, https:\/\/claireloupiac.com\/wp-content\/uploads\/2013\/12\/la-d\u00e9peche-193x300.jpg 193w, https:\/\/claireloupiac.com\/wp-content\/uploads\/2013\/12\/la-d\u00e9peche-660x1024.jpg 660w, https:\/\/claireloupiac.com\/wp-content\/uploads\/2013\/12\/la-d\u00e9peche.jpg 2032w\" sizes=\"auto, (max-width: 96px) 100vw, 96px\" \/><\/a><strong>La d\u00e9p\u00eache<\/strong>, 1999, <em>St Flour au couleur de l&rsquo;art contemporain<\/em><\/p>\n<p>&nbsp;<\/p>\n<p><a href=\"http:\/\/claireloupiac.com\/wp-content\/uploads\/2013\/12\/montreuil-d\u00e9p\u00eache.jpg\" target=\"_blank\"><img loading=\"lazy\" decoding=\"async\" alt=\"montreuil d\u00e9p\u00eache\" src=\"http:\/\/claireloupiac.com\/wp-content\/uploads\/2013\/12\/montreuil-d\u00e9p\u00eache-96x150.jpg\" width=\"96\" height=\"150\" data-id=\"472\" \/><\/a><strong>Montreuil D\u00e9p\u00eache<\/strong>, 1998, <em>Claire Loupiac, bon pied, bon oeil<\/em><\/p>\n<p>&nbsp;<\/p>\n","protected":false},"excerpt":{"rendered":"<p>La Gazette, 2008, Le souffle des demoiselles &nbsp; Midi Libre,&#8230;<\/p>\n","protected":false},"author":1,"featured_media":0,"parent":0,"menu_order":6,"comment_status":"open","ping_status":"open","template":"Presse.php","meta":{"footnotes":""},"class_list":["post-138","page","type-page","status-publish","hentry"],"_links":{"self":[{"href":"https:\/\/claireloupiac.com\/index.php?rest_route=\/wp\/v2\/pages\/138","targetHints":{"allow":["GET"]}}],"collection":[{"href":"https:\/\/claireloupiac.com\/index.php?rest_route=\/wp\/v2\/pages"}],"about":[{"href":"https:\/\/claireloupiac.com\/index.php?rest_route=\/wp\/v2\/types\/page"}],"author":[{"embeddable":true,"href":"https:\/\/claireloupiac.com\/index.php?rest_route=\/wp\/v2\/users\/1"}],"replies":[{"embeddable":true,"href":"https:\/\/claireloupiac.com\/index.php?rest_route=%2Fwp%2Fv2%2Fcomments&post=138"}],"version-history":[{"count":29,"href":"https:\/\/claireloupiac.com\/index.php?rest_route=\/wp\/v2\/pages\/138\/revisions"}],"predecessor-version":[{"id":532,"href":"https:\/\/claireloupiac.com\/index.php?rest_route=\/wp\/v2\/pages\/138\/revisions\/532"}],"wp:attachment":[{"href":"https:\/\/claireloupiac.com\/index.php?rest_route=%2Fwp%2Fv2%2Fmedia&parent=138"}],"curies":[{"name":"wp","href":"https:\/\/api.w.org\/{rel}","templated":true}]}}

<p><a href="http://claireloupiac.com/wp-content/uploads/2013/12/gaztte-.jpg" target="_blank"><img loading="lazy" decoding="async" class="alignnone size-thumbnail wp-image-474" alt="gaztte" src="http://claireloupiac.com/wp-content/uploads/2013/12/gaztte--65x150.jpg" width="65" height="150" data-id="474" srcset="https://claireloupiac.com/wp-content/uploads/2013/12/gaztte--65x150.jpg 65w, https://claireloupiac.com/wp-content/uploads/2013/12/gaztte--130x300.jpg 130w, https://claireloupiac.com/wp-content/uploads/2013/12/gaztte-.jpg 431w" sizes="auto, (max-width: 65px) 100vw, 65px" /></a><strong>La Gazette</strong>, 2008, <em>Le souffle des demoiselles</em></p>
<p>&nbsp;</p>
<p><a href="http://claireloupiac.com/wp-content/uploads/2014/04/midi-libre-1.jpg" target="_blank"><img loading="lazy" decoding="async" alt="midi libre 1" src="http://claireloupiac.com/wp-content/uploads/2014/04/midi-libre-1-147x150.jpg" width="147" height="150" data-id="453" /></a><strong>Midi Libre</strong>, 2008, <em>Le salon de musique inspire Claire Loupiac</em></p>
<p>&nbsp;</p>
<p><a href="http://claireloupiac.com/wp-content/uploads/2013/12/Anous-paris2001.jpg" target="_blank"><img loading="lazy" decoding="async" class="alignnone size-thumbnail wp-image-470" alt="Anous paris2001" src="http://claireloupiac.com/wp-content/uploads/2013/12/Anous-paris2001-127x150.jpg" width="127" height="150" data-id="470" srcset="https://claireloupiac.com/wp-content/uploads/2013/12/Anous-paris2001-127x150.jpg 127w, https://claireloupiac.com/wp-content/uploads/2013/12/Anous-paris2001-254x300.jpg 254w, https://claireloupiac.com/wp-content/uploads/2013/12/Anous-paris2001-868x1024.jpg 868w, https://claireloupiac.com/wp-content/uploads/2013/12/Anous-paris2001.jpg 1040w" sizes="auto, (max-width: 127px) 100vw, 127px" /></a><strong>A nous Paris</strong>, 2002, <em>Un tête à tête unique avec l&rsquo;art</em></p>
<p>&nbsp;</p>
<p><a href="http://claireloupiac.com/wp-content/uploads/2013/12/bunkier-stuki.jpg" target="_blank"><img loading="lazy" decoding="async" alt="bunkier stuki" src="http://claireloupiac.com/wp-content/uploads/2013/12/bunkier-stuki-150x123.jpg" width="150" height="123" data-id="476" /></a><strong>La tribune de Silésie</strong>, 2000, <em>Zblitzenia/ Approches</em></p>
<p>&nbsp;</p>
<p><a href="http://claireloupiac.com/wp-content/uploads/2013/12/la-montagne1999.jpg" target="_blank"><img loading="lazy" decoding="async" class="size-thumbnail wp-image-468 alignleft" alt="la montagne1999" src="http://claireloupiac.com/wp-content/uploads/2013/12/la-montagne1999-150x103.jpg" width="150" height="103" data-id="468" srcset="https://claireloupiac.com/wp-content/uploads/2013/12/la-montagne1999-150x103.jpg 150w, https://claireloupiac.com/wp-content/uploads/2013/12/la-montagne1999-300x207.jpg 300w, https://claireloupiac.com/wp-content/uploads/2013/12/la-montagne1999-1024x707.jpg 1024w, https://claireloupiac.com/wp-content/uploads/2013/12/la-montagne1999.jpg 1412w" sizes="auto, (max-width: 150px) 100vw, 150px" /></a><strong>La montagne</strong>, 1999,<em> Les jouets de Claire Loupiac</em></p>
<p>&nbsp;</p>
<p><a href="http://claireloupiac.com/wp-content/uploads/2013/12/la-dépeche.jpg" target="_blank"><img loading="lazy" decoding="async" class="size-thumbnail wp-image-374 alignleft" alt="la dépeche" src="http://claireloupiac.com/wp-content/uploads/2013/12/la-dépeche-96x150.jpg" width="96" height="150" data-id="374" srcset="https://claireloupiac.com/wp-content/uploads/2013/12/la-dépeche-96x150.jpg 96w, https://claireloupiac.com/wp-content/uploads/2013/12/la-dépeche-193x300.jpg 193w, https://claireloupiac.com/wp-content/uploads/2013/12/la-dépeche-660x1024.jpg 660w, https://claireloupiac.com/wp-content/uploads/2013/12/la-dépeche.jpg 2032w" sizes="auto, (max-width: 96px) 100vw, 96px" /></a><strong>La dépêche</strong>, 1999, <em>St Flour au couleur de l&rsquo;art contemporain</em></p>
<p>&nbsp;</p>
<p><a href="http://claireloupiac.com/wp-content/uploads/2013/12/montreuil-dépêche.jpg" target="_blank"><img loading="lazy" decoding="async" alt="montreuil dépêche" src="http://claireloupiac.com/wp-content/uploads/2013/12/montreuil-dépêche-96x150.jpg" width="96" height="150" data-id="472" /></a><strong>Montreuil Dépêche</strong>, 1998, <em>Claire Loupiac, bon pied, bon oeil</em></p>
<p>&nbsp;</p>
